0011111?
-1010111000
In base 13, what is -1a83753 - -1?
-1a83752
In base 11, what is 2 + -1026aa0?
-1026a99
In base 10, what is -3538701521 + 0?
-3538701521
In base 12, what is 13 - -37a8bb9?
37a9010
In base 9, what is -1186 - 12501?
-13687
In base 9, what is -412444088 + 1?
-412444087
In base 2, what is 100000010100100111000101001010 - 10?
100000010100100111000101001000
In base 15, what is -10c66 + -b?
-10c72
In base 16, what is b97b + -6c?
b90f
In base 14, what is -304 - 9118?
-941c
In base 13, what is -a4807 + -3?
-a480a
In base 8, what is -5432 + -541457?
-547111
In base 2, what is 11111011001 - 100111101010?
-1000010001
In base 11, what is 394568 - -159?
394716
In base 6, what is -434 - 40424?
-41302
In base 16, what is 2e2b - -22?
2e4d
In base 11, what is -a122 - 10756?
-1a878
In base 2, what is 0 + -1110000000101000011100?
-1110000000101000011100
In base 16, what is -2523 - 18d?
-26b0
In base 3, what is -1022 + -21112220220?
-21112222012
In base 16, what is 1d1c - 93f?
13dd
In base 14, what is -12 + 966b39?
966b27
In base 2, what is -1011010010100100100101100 + 100?
-1011010010100100100101000
In base 8, what is -4525655 + -3?
-4525660
In base 12, what is -5 + -130732b?
-1307334
In base 6, what is 234355 - -122152?
400551
In base 14, what is 64b9b + 17?
64bb4
In base 4, what is -3111221032332 - -31?
-3111221032301
In base 2, what is 1100101110 - -11110110100010010?
11111000001000000
In base 10, what is -3 - 2297102?
-2297105
In base 6, what is -5 - -125213315?
125213310
In base 3, what is -22010012012022 - -120?
-22010012011202
In base 16, what is -a7b60 + 3c?
-a7b24
In base 7, what is 0 - -123320622?
123320622
In base 9, what is -10 - -11075153?
11075143
In base 2, what is 101 - -10000100110000111101011?
10000100110000111110000
In base 9, what is -5 + 4625507?
4625502
In base 2, what is 11010100010110000101100011011 + 10?
11010100010110000101100011101
In base 14, what is -b + -147970?
-14797b
In base 6, what is 4151 - 1150105?
-1141514
In base 2, what is 11 + -100010000101100011111?
-100010000101100011100
In base 11, what is -1909 - aa4?
-2902
In base 4, what is -3 + -23020212?
-23020221
In base 7, what is -2045224 + -36?
-2045263
In base 10, what is -13159948 + -2?
-13159950
In base 10, what is 1061 - -8031?
9092
In base 6, what is 3240 + 541540?
545220
In base 13, what is 41c0 - -10555?
14745
In base 9, what is -66725544 - 5?
-66725550
In base 3, what is 200 + 201011121000220?
201011121001120
In base 4, what is -1020311 + -1022313?
-2103230
In base 3, what is -2200001012001222 + 22?
-2200001012001200
In base 6, what is 12123234250 + -22?
12123234224
In base 6, what is 453145 - 1025?
452120
In base 2, what is 11 + -1000011010101100001100000?
-1000011010101100001011101
In base 13, what is 3a073 + -2a?
3a046
In base 14, what is -7cd64 + -14b?
-7d0b1
In base 9, what is 5755340 + 8?
5755348
In base 5, what is -4 - -32341124231?
32341124222
In base 4, what is -2 + -233132330312?
-233132330320
In base 15, what is -ea3d7e + -4?
-ea3d83
In base 13, what is 3 - -12b2c71?
12b2c74
In base 2, what is -1110100000111111001 - -10011?
-1110100000111100110
In base 7, what is 346440 - -5?
346445
In base 14, what is -164b - -2197?
94a
In base 15, what is -78 - -27ed9?
27e61
In base 8, what is 22 - -257337436?
257337460
In base 11, what is 118a7 + 311?
12108
In base 7, what is 64231 - -223300?
320531
In base 8, what is -402402203 + 4?
-402402177
In base 14, what is 119d93 - 768?
119629
In base 16, what is -1c3 - -3cdc0?
3cbfd
In base 13, what is -13a41a2 + 5?
-13a419a
In base 5, what is 13 - 340441341?
-340441323
In base 12, what is 14 - 6689a?
-66886
In base 12, what is -22366 + -77b?
-22b25
In base 3, what is 12112122 - 12101222?
10200
In base 5, what is 1304 - 22312223?
-22310414
In base 2, what is 100001010100011101 - -1100110110?
100001100001010011
In base 7, what is -14 + -22531004?
-22531021
In base 12, what is b2 + 19057?
19149
In base 14, what is 9214dd - 2?
9214db
In base 9, what is 4 + 67338118?
67338123
In base 4, what is 2312103003 - 20?
2312102323
In base 4, what is -10 - 2112123010312?
-2112123010322
In base 13, what is 8c25 + -3c3c?
4cb6
In base 12, what is 7b3b465 - 2?
7b3b463
In base 3, what is 10021120121010020 + -2?
10021120121010011
In base 2, what is -101 - -11101011100100010010?
11101011100100001101
In base 14, what is -4 + -103112?
-103116
In base 14, what is -1134d89 - 3?
-1134d8c
In base 2, what is 111111110000100011110100110011 + -101?
111111110000100011110100101110
In base 11, what is -1 - -5a91710?
5a9170a
In base 4, what is 1131320 + 10030102?
11222022
In base 9, what is 2222510 + 14?
2222524
In base 16, what is 3 + -149325?
-149322
In base 2, what is 100101 + 10000011111010001110000?
10000011111010010010101
In base 15, what is -d76 + -7ae5e?
-7bcd5
In base 14, what is 25a449 + 16?
25a461
In base 5, what is 1311232 - 12243?
1243434
In base 10, what is -1502 + 26196?
24694
In base 5, what is 1304104422141 - 1?
1304104422140
In base 16, what is 4f + -373fc?
-373ad
In base 15, what is 3d095da - -3?
3d095dd
In base 7, what is 4556462034 + -2?
4556462032
In base 16, what is 1a7 + 2021?
21c8
In base 3, what is 211 - 212021022100?
-212021021112
In base 16, what is -245 - -3171b?
314d6
In base 6, what is 4 - 4240450153?
-4240450145
In base 3, what is 221021 + -10100011?
-2101220
In base 2, what is 100100111100011 - -110000110?
100101101101001
In base 10, what is -1 - -5420162?
5420161
In base 6, what is -5011054141 + -3?
-5011054144
In base 14, what is -1bb210b + 1?
-1bb210a
In base 8, what is -15317 + -511?
-16030
In base 6, what is 103423 + -30522?
32501
In base 10, what is 219003 + -16?
218987
In base 14, what is -77970d - 6?
-779715
In base 4, what is -10102223301 + -103?
-10102230010
In base 3, what is -101200 + -1102112121010?
-1102112222210
In base 16, what is aa0940 + 1b?
aa095b
In base 3, what is -111202102221120122 + -11?
-111202102221120210
In base 2, what is 101010000011010 - 110111110?
101001001011100
In base 5, what is -33114133042 - 1?
-33114133043
In base 9, what is 10662208 + 2?
10662211
In base 9, what is -14 - 4060651?
-4060665
In base 11, what is -2a6951 - 21a?
-2a7070
In base 9, what is -3232520 - -182?
-3232327
In base 15, what is -31b493 + 3?
-31b490
In base 16, what is -10 + 22b66c?
22b65c
In base 11, what is -382 - -368a?
3308
In base 15, what is ed9bc2 - 0?
ed9bc2
In base 6, what is 125350 + 521?
130311
In base 10, what is -1026461 + -347?
-1026808
In base 6, what is 1242303 + 51111?
1333414
In base 11, what is -4 - 12537635?
-12537639
In base 13, what is 0 + -504917?
-504917
In base 15, what is 5 - -32cb631?
32cb636
In base 3, what is -102202 + -2202001?
-10011210
In base 10, what is 295 + -5221?
-4926
In base 2, what is -1110110000 - -101010100010?
11011110010
In base 16, what is -2 + -862492a?
-862492c
In base 8, what is 221251044 - 4?
221251040
In base 7, what is -666231 - -22?
-666206
In base 8, what is 5 - -6264047?
6264054
In base 16, what is -108285 + 12?
-108273
In base 4, what is -2 + -111023223020?
-111023223022
In base 2, what is -100110111000000011111110 - -11100?
-100110111000000011100010
In base 16, what is 1ccf4c + 6?
1ccf52
In base 7, what is 361123 - 3461?
354332
In base 7, what is 15036652 - 26?
15036623
In base 13, what is 1 + -392576?
-392575
In base 16, what is 1c1 + 11c7?
1388
In base 11, what is -2 - -28589979?
28589977
In base 3, what is 20202110121101222 + -10?
20202110121101212
In base 11, what is a + 256863?
256872
In base 11, what is 3 - -a6387?
a638a
In base 10, what is 7864 - 1852?
6012
In base 12, what is -1029 + -128a5?
-13912
In base 4, what is 0 - -1010200133030?
1010200133030
In base 8, what is 155121 + 654?
155775
In base 3, what is 21020220020 + -2212?
21020210101
In base 12, what is -1 - -5935366?
5935365
In base 2, what is 1001011101100101 - 100001010?
1001011001011011
In base 2, what is -101000 + 1100111100001111100011?
1100111100001110111011
In base 12, what is 32564 + -106?
3245a
In base 15, what is -17c - -116a6?
11529
In base 3, what is 1102 - 1100212121022?
-1100212112220
In base 16, what is -14a4ac + 29?
-14a483
In base 6, what is 3 - 5351255221?
-5351255214
In base 3, what is -1210212201 + -12110?
-1211002011
In base 5, what is -12430 + -4410?
-22340
In ba